5?
True
Is 10 a factor of 331176?
False
Does 440 divide 539100?
False
Does 55 divide 5908?
False
Is 2026482 a multiple of 419?
False
Is 139072 a multiple of 164?
True
Does 38 divide 1616723?
False
Is 81 a factor of 83974?
False
Is 12 a factor of 185628?
True
Is 9 a factor of 808750?
False
Is 61048 a multiple of 3?
False
Is 108 a factor of 703296?
True
Is 36 a factor of 172650?
False
Is 301269 a multiple of 74?
False
Is 17437057 a multiple of 1199?
True
Is 329850 a multiple of 15?
True
Does 19 divide 259359?
False
Does 51 divide 392802?
True
Is 18821 a multiple of 2?
False
Is 16 a factor of 360896?
True
Does 287 divide 2130841?
False
Is 9 a factor of 24537?
False
Does 25 divide 426605?
False
Does 36 divide 2410925?
False
Is 15846094 a multiple of 178?
True
Is 8 a factor of 5986724?
False
Does 7 divide 78855?
True
Is 2243031 a multiple of 61?
True
Is 166 a factor of 22768?
False
Is 5 a factor of 9857410?
True
Does 76 divide 1660694?
False
Is 118 a factor of 31034?
True
Does 429 divide 313821?
False
Is 177788 a multiple of 13?
True
Does 15 divide 5483685?
True
Is 8301712 a multiple of 16?
True
Is 14 a factor of 2030?
True
Is 15463 a multiple of 180?
False
Is 28297 a multiple of 294?
False
Is 25 a factor of 138025?
True
Is 32 a factor of 2954?
False
Does 532 divide 620990?
False
Is 109799 a multiple of 33?
False
Is 996556 a multiple of 116?
True
Does 2626 divide 4209630?
False
Is 248 a factor of 818152?
True
Does 23 divide 779923?
False
Does 102 divide 576059?
False
Is 1050 a factor of 356498?
False
Is 134 a factor of 7257?
False
Is 4683655 a multiple of 9?
False
Does 6 divide 477011?
False
Is 4069186 a multiple of 139?
False
Is 14 a factor of 219812?
False
Does 15 divide 1095465?
True
Is 1824319 a multiple of 278?
False
Is 17 a factor of 10561220?
False
Does 4 divide 38145?
False
Is 431652 a multiple of 12?
True
Does 11 divide 60221?
False
Does 20 divide 735007?
False
Is 53 a factor of 1784881?
True
Is 844037 a multiple of 299?
False
Is 9 a factor of 5689051?
False
Is 2339885 a multiple of 392?
False
Is 63 a factor of 60433?
False
Is 5850266 a multiple of 610?
False
Is 10 a factor of 657309?
False
Is 31 a factor of 361663?
False
Does 22 divide 277178?
True
Is 1457984 a multiple of 32?
True
Is 64 a factor of 2354957?
False
Is 141 a factor of 39621?
True
Is 54 a factor of 186030?
True
Is 14 a factor of 2543128?
True
Is 20 a factor of 789269?
False
Is 16 a factor of 1700?
False
Is 281993 a multiple of 32?
False
Is 194 a factor of 14362790?
True
Does 532 divide 3692080?
True
Is 1296160 a multiple of 16?
True
Does 43 divide 13290206?
False
Does 7 divide 595147?
True
Is 4112316 a multiple of 52?
True
Is 5 a factor of 3714568?
False
Does 364 divide 9462879?
False
Is 288584 a multiple of 9?
False
Does 4 divide 18589?
False
Is 93 a factor of 2261260?
False
Is 232201 a multiple of 14?
False
Is 4665305 a multiple of 13?
False
Does 11 divide 962969?
False
Is 4266295 a multiple of 688?
False
Is 632 a factor of 662590?
False
Is 744240 a multiple of 60?
True
Is 33 a factor of 519455?
False
Is 329443 a multiple of 117?
False
Is 84588 a multiple of 19?
True
Is 1048337 a multiple of 204?
False
Is 121 a factor of 46101?
True
Does 50 divide 6250?
True
Is 13 a factor of 4752259?
False
Is 12079314 a multiple of 23?
False
Does 8 divide 2265?
False
Is 35 a factor of 37860620?
True
Is 472 a factor of 1956116?
False
Is 89760 a multiple of 272?
True
Does 32 divide 365472?
True
Is 846281 a multiple of 916?
False
Is 77 a factor of 296796?
False
Is 374115 a multiple of 639?
False
Is 87 a factor of 527603?
False
Is 3 a factor of 2051007?
True
Does 55 divide 1994520?
True
Is 491226 a multiple of 62?
True
Does 45 divide 11925?
True
Is 151 a factor of 721906?
False
Does 286 divide 19264102?
True
Is 15 a factor of 653310?
True
Does 1666 divide 30354803?
False
Is 57 a factor of 185090?
False
Is 207 a factor of 2246020?
False
Is 567 a factor of 309771?
False
Does 1023 divide 1328877?
True
Is 529925 a multiple of 517?
True
Does 1580 divide 576700?
True
Is 9757115 a multiple of 965?
True
Is 1427 a factor of 25738799?
True
Does 69 divide 430836?
True
Is 208 a factor of 1020812?
False
Does 16 divide 26994?
False
Is 188565 a multiple of 8?
False
Does 32 divide 6324651?
False
Is 242 a factor of 289851?
False
Is 48944 a multiple of 16?
True
Is 688 a factor of 1152400?
True
Is 20 a factor of 1387840?
True
Does 723 divide 760895?
False
Does 428 divide 1932848?
True
Is 378792 a multiple of 22?
False
Is 70 a factor of 335323?
False
Does 20 divide 1275020?
True
Does 60 divide 722372?
False
Does 5 divide 11420?
True
Is 88 a factor of 30272?
True
Is 97 a factor of 116497?
True
Is 277070 a multiple of 162?
False
Is 3 a factor of 55690?
False
Is 7888225 a multiple of 36?
False
Is 8 a factor of 229468?
False
Does 53 divide 2912297?
True
Is 15 a factor of 7059510?
True
Is 725238 a multiple of 18?
True
Is 13 a factor of 370513?
True
Does 92 divide 42844?
False
Does 21 divide 32213?
False
Is 9270 a multiple of 18?
True
Is 94 a factor of 145422?
False
Is 606850 a multiple of 530?
True
Is 1902548 a multiple of 29?
False
Does 582 divide 1267596?
True
Does 195 divide 324099?
False
Is 131920 a multiple of 9?
False
Is 129696 a multiple of 56?
True
Is 364 a factor of 1752660?
True
Does 7 divide 5924?
False
Does 100 divide 107000?
True
Does 16 divide 91920?
True
Does 1048 divide 2151544?
True
Is 46 a factor of 266938?
True
Is 378 a factor of 10045728?
True
Is 1580902 a multiple of 574?
False
Is 16 a factor of 154116?
False
Is 2592308 a multiple of 307?
True
Is 397 a factor of 731220?
False
Is 201215 a multiple of 7?
True
Is 491 a factor of 4392732?
False
Does 19 divide 1521862?
True
Is 197872 a multiple of 149?
True
Is 52 a factor of 47476?
True
Is 125685 a multiple of 19?
True
Is 685 a factor of 22858450?
True
Does 109 divide 1647940?
False
Is 262407 a multiple of 61?
False
Is 10 a factor of 307810?
True
Does 22 divide 3724214?
False
Does 71 divide 4556851?
True
Is 5 a factor of 94450?
True
Is 62 a factor of 55831?
False
Is 19276 a multiple of 244?
True
Is 213799 a multiple of 294?
False
Is 33383 a multiple of 133?
True
Is 300 a factor of 444507?
False
Is 56093 a multiple of 4?
False
Is 43 a factor of 3764263?
True
Is 30 a factor of 1355291?
False
Is 168011 a multiple of 179?
False
Is 265627 a multiple of 71?
False
Is 60 a factor of 18609285?
False
Is 77 a factor of 456918?
True
Is 261 a factor of 172312?
False
Is 15225 a multiple of 25?
True
Is 88298 a multiple of 371?
True
Is 83 a factor of 5053870?
True
Does 12 divide 335245?
False
Is 1895454 a multiple of 33?
True
Is 47921 a multiple of 30?
False
Is 1179889 a multiple of 4?
False
Is 123042 a multiple of 24?
False
Is 486899 a multiple of 1184?
False
Is 180 a factor of 6385860?
True
Is 165712 a multiple of 19?
False
Does 11 divide 75413?
False
Is 11799 a multiple of 57?
True
Does 26 divide 321502?
False
Is 23 a factor of 400977?
False
Does 22 divide 4176964?
True
Does 228 divide 57684?
True
Does 826 divide 3163138?
False
Does 40 divide 3668280?
True
Does 81 divide 1025622?
True
Is 17 a factor of 428450?
False
Does 22 divide 87538?
True
Is 355601 a multiple of 23?
False
Is 147 a factor of 2952423?
False
Is 2496580 a multiple of 89?
False
Is 315 a factor of 5355?
True
Does 35 divide 31891392?
False
Is 14 a factor of 197610?
True
Does 57 divide 1017776?
False
Is 13 a factor of 9565396?
False
Is 8 a factor of 156376?
True
Is 11948310 a multiple of 22?
True
Is 30 a factor of 283200?
True
Is 74 a factor of 526630?
False
Does 250 divide 3074038?
False
Does 70 divide 632380?
True
Does 293 divide 909472?
True
Is 33196 a multiple of 26?
False
Is 434764 a multiple of 82?
True
Does 9 divide 134937?
True
Does 121 divide 4147842?
False
Does 123 divide 13808354?
False
Does 10 divide 2625487?
False
Does 36 divide 7898773?
False
Is 7289382 a multiple of 14?
False
Is 5 a factor of 9386?
False
Does 22 divide 38603?
False
Is 1336 a factor of 2488838?
False
Is 1152673 a multiple of 680?
False
Is 323232 a multiple of 56?
True
Is 2036004 a multiple of 12?
True
Is 287333 a multiple of 30?
False
Does 13 divide 1949727?
True
Is 112832 a multiple of 2?
True
Is 269361 a multiple of 45?
False
Does 31 divide 411215?
True
Does 16 divide 3431061?
False
Does 84 divide 973560?
True
Doe